{"id":76,"date":"2018-05-05T15:55:32","date_gmt":"2018-05-05T13:55:32","guid":{"rendered":"http:\/\/www.adafam.org\/?page_id=76"},"modified":"2018-05-12T14:17:14","modified_gmt":"2018-05-12T12:17:14","slug":"articles-et-livres","status":"publish","type":"page","link":"https:\/\/www.adafam.org\/index.php\/publications\/articles-et-livres\/","title":{"rendered":"Articles et livres"},"content":{"rendered":"<figure id=\"attachment_69\" aria-describedby=\"caption-attachment-69\" style=\"width: 206px\" class=\"wp-caption alignright\"><a href=\"http:\/\/www.leclub-biotope.com\/fr\/recherche?controller=search&amp;orderby=position&amp;orderway=desc&amp;search_query=%C3%A0+la+d%C3%A9couverte+des+orchid%C3%A9es+de+Madagascar&amp;x=0&amp;y=0\"><img loading=\"lazy\" decoding=\"async\" class=\"wp-image-69 size-medium\" src=\"https:\/\/www.adafam.org\/wp-content\/uploads\/2018\/05\/livre-206x300.jpg\" alt=\"\" width=\"206\" height=\"300\" srcset=\"https:\/\/www.adafam.org\/wp-content\/uploads\/2018\/05\/livre-206x300.jpg 206w, https:\/\/www.adafam.org\/wp-content\/uploads\/2018\/05\/livre-768x1116.jpg 768w, https:\/\/www.adafam.org\/wp-content\/uploads\/2018\/05\/livre-705x1024.jpg 705w, https:\/\/www.adafam.org\/wp-content\/uploads\/2018\/05\/livre.jpg 1949w\" sizes=\"(max-width: 206px) 100vw, 206px\" \/><\/a><figcaption id=\"caption-attachment-69\" class=\"wp-caption-text\">Vient de sortir en mars 2018, avec plusieurs photos en provenance d&rsquo;Ambodiriana.<\/figcaption><\/figure>\n<p>La for\u00eat d\u2019Ambodiriana.\u00a0Des ONG coop\u00e8rent pour prot\u00e9ger\u00a0une for\u00eat tropicale humide \u00e0 Madagascar :<\/p>\n<p><a href=\"https:\/\/www.adafam.org\/wp-content\/uploads\/2018\/05\/CN_310_mai-juin-33-40_Ambodiriana.pdf\">Le Courrier de la Nature de mai-juin 2018<\/a><\/p>\n<p>Communication au European Orchid Council Congress and Exhibition 2018 \u00e0 Paris, le 25 mars 2018 (en anglais, 16 Mo) :<\/p>\n<p><a href=\"https:\/\/www.adafam.org\/wp-content\/uploads\/2018\/05\/EOCCE2018.pdf\">EOCCE2018<\/a><\/p>\n<p>Posters communs ADAFAM+SFO \u00e0 l&rsquo;EOCCE2018 (en fran\u00e7ais, 12 Mo) :<\/p>\n<p><a href=\"https:\/\/www.adafam.org\/wp-content\/uploads\/2018\/05\/Posters_EOCCE2018.pdf\">Posters_EOCCE2018<\/a><\/p>\n<figure id=\"attachment_119\" aria-describedby=\"caption-attachment-119\" style=\"width: 300px\" class=\"wp-caption alignnone\"><a href=\"https:\/\/www.adafam.org\/wp-content\/uploads\/2018\/05\/EOCCE2018_ADAFAM.jpg\"><img loading=\"lazy\" decoding=\"async\" class=\"size-medium wp-image-119\" src=\"https:\/\/www.adafam.org\/wp-content\/uploads\/2018\/05\/EOCCE2018_ADAFAM-300x200.jpg\" alt=\"\" width=\"300\" height=\"200\" srcset=\"https:\/\/www.adafam.org\/wp-content\/uploads\/2018\/05\/EOCCE2018_ADAFAM-300x200.jpg 300w, https:\/\/www.adafam.org\/wp-content\/uploads\/2018\/05\/EOCCE2018_ADAFAM-768x511.jpg 768w, https:\/\/www.adafam.org\/wp-content\/uploads\/2018\/05\/EOCCE2018_ADAFAM-1024x681.jpg 1024w\" sizes=\"(max-width: 300px) 100vw, 300px\" \/><\/a><figcaption id=\"caption-attachment-119\" class=\"wp-caption-text\">Chantal et Jean-Michel Hervouet devant les posters de l&rsquo;ADAFAM \u00e0 l&rsquo;exposition de l&rsquo;EOC en mars 2018.<\/figcaption><\/figure>\n<p>Ambodiriana Amphibian Conservation Project (en anglais, 3,5 Mo)<\/p>\n<p><a href=\"https:\/\/www.adafam.org\/wp-content\/uploads\/2018\/05\/Ambodiriana-Amphibian-Project-2018_opt.pdf\">Ambodiriana Amphibian Project 2018<\/a><\/p>\n","protected":false},"excerpt":{"rendered":"<p>La for\u00eat d\u2019Ambodiriana.\u00a0Des ONG coop\u00e8rent pour prot\u00e9ger\u00a0une for\u00eat tropicale humide \u00e0 Madagascar : Le Courrier de la Nature de mai-juin 2018 Communication au European Orchid Council Congress and Exhibition 2018 \u00e0 Paris, le 25 mars 2018 (en anglais, 16 Mo) : EOCCE2018 Posters communs ADAFAM+SFO \u00e0 l&rsquo;EOCCE2018 (en fran\u00e7ais, 12 Mo) : Posters_EOCCE2018 Ambodiriana Amphibian &hellip; <\/p>\n<p class=\"link-more\"><a href=\"https:\/\/www.adafam.org\/index.php\/publications\/articles-et-livres\/\" class=\"more-link\">Continuer la lecture<span class=\"screen-reader-text\"> de &laquo;&nbsp;Articles et livres&nbsp;&raquo;<\/span><\/a><\/p>\n","protected":false},"author":1,"featured_media":0,"parent":59,"menu_order":0,"comment_status":"closed","ping_status":"closed","template":"","meta":{"footnotes":""},"class_list":["post-76","page","type-page","status-publish","hentry"],"_links":{"self":[{"href":"https:\/\/www.adafam.org\/index.php\/wp-json\/wp\/v2\/pages\/76"}],"collection":[{"href":"https:\/\/www.adafam.org\/index.php\/wp-json\/wp\/v2\/pages"}],"about":[{"href":"https:\/\/www.adafam.org\/index.php\/wp-json\/wp\/v2\/types\/page"}],"author":[{"embeddable":true,"href":"https:\/\/www.adafam.org\/index.php\/wp-json\/wp\/v2\/users\/1"}],"replies":[{"embeddable":true,"href":"https:\/\/www.adafam.org\/index.php\/wp-json\/wp\/v2\/comments?post=76"}],"version-history":[{"count":9,"href":"https:\/\/www.adafam.org\/index.php\/wp-json\/wp\/v2\/pages\/76\/revisions"}],"predecessor-version":[{"id":120,"href":"https:\/\/www.adafam.org\/index.php\/wp-json\/wp\/v2\/pages\/76\/revisions\/120"}],"up":[{"embeddable":true,"href":"https:\/\/www.adafam.org\/index.php\/wp-json\/wp\/v2\/pages\/59"}],"wp:attachment":[{"href":"https:\/\/www.adafam.org\/index.php\/wp-json\/wp\/v2\/media?parent=76"}],"curies":[{"name":"wp","href":"https:\/\/api.w.org\/{rel}","templated":true}]}}

<figure id="attachment_69" aria-describedby="caption-attachment-69" style="width: 206px" class="wp-caption alignright"><a href="http://www.leclub-biotope.com/fr/recherche?controller=search&amp;orderby=position&amp;orderway=desc&amp;search_query=%C3%A0+la+d%C3%A9couverte+des+orchid%C3%A9es+de+Madagascar&amp;x=0&amp;y=0"><img loading="lazy" decoding="async" class="wp-image-69 size-medium" src="https://www.adafam.org/wp-content/uploads/2018/05/livre-206x300.jpg" alt="" width="206" height="300" srcset="https://www.adafam.org/wp-content/uploads/2018/05/livre-206x300.jpg 206w, https://www.adafam.org/wp-content/uploads/2018/05/livre-768x1116.jpg 768w, https://www.adafam.org/wp-content/uploads/2018/05/livre-705x1024.jpg 705w, https://www.adafam.org/wp-content/uploads/2018/05/livre.jpg 1949w" sizes="(max-width: 206px) 100vw, 206px" /></a><figcaption id="caption-attachment-69" class="wp-caption-text">Vient de sortir en mars 2018, avec plusieurs photos en provenance d&rsquo;Ambodiriana.</figcaption></figure>
<p>La forêt d’Ambodiriana. Des ONG coopèrent pour protéger une forêt tropicale humide à Madagascar :</p>
<p><a href="https://www.adafam.org/wp-content/uploads/2018/05/CN_310_mai-juin-33-40_Ambodiriana.pdf">Le Courrier de la Nature de mai-juin 2018</a></p>
<p>Communication au European Orchid Council Congress and Exhibition 2018 à Paris, le 25 mars 2018 (en anglais, 16 Mo) :</p>
<p><a href="https://www.adafam.org/wp-content/uploads/2018/05/EOCCE2018.pdf">EOCCE2018</a></p>
<p>Posters communs ADAFAM+SFO à l&rsquo;EOCCE2018 (en français, 12 Mo) :</p>
<p><a href="https://www.adafam.org/wp-content/uploads/2018/05/Posters_EOCCE2018.pdf">Posters_EOCCE2018</a></p>
<figure id="attachment_119" aria-describedby="caption-attachment-119" style="width: 300px" class="wp-caption alignnone"><a href="https://www.adafam.org/wp-content/uploads/2018/05/EOCCE2018_ADAFAM.jpg"><img loading="lazy" decoding="async" class="size-medium wp-image-119" src="https://www.adafam.org/wp-content/uploads/2018/05/EOCCE2018_ADAFAM-300x200.jpg" alt="" width="300" height="200" srcset="https://www.adafam.org/wp-content/uploads/2018/05/EOCCE2018_ADAFAM-300x200.jpg 300w, https://www.adafam.org/wp-content/uploads/2018/05/EOCCE2018_ADAFAM-768x511.jpg 768w, https://www.adafam.org/wp-content/uploads/2018/05/EOCCE2018_ADAFAM-1024x681.jpg 1024w" sizes="(max-width: 300px) 100vw, 300px" /></a><figcaption id="caption-attachment-119" class="wp-caption-text">Chantal et Jean-Michel Hervouet devant les posters de l&rsquo;ADAFAM à l&rsquo;exposition de l&rsquo;EOC en mars 2018.</figcaption></figure>
<p>Ambodiriana Amphibian Conservation Project (en anglais, 3,5 Mo)</p>
<p><a href="https://www.adafam.org/wp-content/uploads/2018/05/Ambodiriana-Amphibian-Project-2018_opt.pdf">Ambodiriana Amphibian Project 2018</a></p>

<p>La forêt d’Ambodiriana. Des ONG coopèrent pour protéger une forêt tropicale humide à Madagascar : Le Courrier de la Nature de mai-juin 2018 Communication au European Orchid Council Congress and Exhibition 2018 à Paris, le 25 mars 2018 (en anglais, 16 Mo) : EOCCE2018 Posters communs ADAFAM+SFO à l&rsquo;EOCCE2018 (en français, 12 Mo) : Posters_EOCCE2018 Ambodiriana Amphibian &hellip; </p>
<p class="link-more"><a href="https://www.adafam.org/index.php/publications/articles-et-livres/" class="more-link">Continuer la lecture<span class="screen-reader-text"> de &laquo;&nbsp;Articles et livres&nbsp;&raquo;</span></a></p>
